{"id":1100,"date":"2025-07-01T15:15:14","date_gmt":"2025-07-01T14:15:14","guid":{"rendered":"https:\/\/www.dynamex.ch\/home\/?post_type=product&#038;p=1100"},"modified":"2025-07-01T15:35:10","modified_gmt":"2025-07-01T14:35:10","slug":"einweg-palette-60-x-80cm","status":"publish","type":"product","link":"https:\/\/www.dynamex.ch\/home\/product\/einweg-palette-60-x-80cm\/","title":{"rendered":"Einweg Palette 60 x 80cm"},"content":{"rendered":"","protected":false},"excerpt":{"rendered":"<h3 class=\"product-details-module__title ec-header-h6\">Produktbeschreibung<\/h3>\n<div class=\"product-details-module__content\">\n<div id=\"productDescription\" class=\"product-details__product-description\">\n<p data-start=\"152\" data-end=\"223\"><strong data-start=\"152\" data-end=\"223\">Einweg-Halbpalette 60 \u00d7 80\u202fcm \u2013 kompakt und g\u00fcnstig\u00a0<\/strong><\/p>\n<p data-start=\"225\" data-end=\"554\">Unsere Einweg-Halbpalette mit den Massen 60 \u00d7 80\u202fcm ist die ideale L\u00f6sung f\u00fcr den Versand kleinerer Warenmengen. Die Palette eignet sich optimal f\u00fcr den einmaligen Gebrauch \u2013 insbesondere im Export oder bei logistischen Einwegprozessen. Dank der kompakteren Abmessungen ist auch der Versand via Spedition oftmals kosteng\u00fcnstiger.<\/p>\n<p data-start=\"556\" data-end=\"585\"><strong data-start=\"556\" data-end=\"585\">Vorteile auf einen Blick:<\/strong><\/p>\n<ul data-start=\"587\" data-end=\"849\">\n<li data-start=\"587\" data-end=\"637\">\n<p data-start=\"589\" data-end=\"637\">Kompakte Gr\u00f6sse \u2013 ideal f\u00fcr kleinere Sendungen<\/p>\n<\/li>\n<li data-start=\"638\" data-end=\"670\">\n<p data-start=\"640\" data-end=\"670\">Leicht, stabil und preiswert<\/p>\n<\/li>\n<li data-start=\"671\" data-end=\"707\">\n<p data-start=\"673\" data-end=\"707\">Einfache Handhabung und Lagerung<\/p>\n<\/li>\n<li data-start=\"708\" data-end=\"749\">\n<p data-start=\"710\" data-end=\"749\">Perfekt f\u00fcr Export und Einweg-Nutzung<\/p>\n<\/li>\n<li data-start=\"750\" data-end=\"849\">\n<p data-start=\"752\" data-end=\"849\">Optional auch in individuellen Ausf\u00fchrungen erh\u00e4ltlich \u2013 kontaktieren Sie uns f\u00fcr Sonderl\u00f6sungen!<\/p>\n<\/li>\n<\/ul>\n<\/div>\n<\/div>\n","protected":false},"featured_media":1101,"comment_status":"open","ping_status":"closed","template":"","meta":[],"product_brand":[],"product_cat":[31],"product_tag":[36,37,55,40,50,39,35,38],"class_list":{"0":"post-1100","1":"product","2":"type-product","3":"status-publish","4":"has-post-thumbnail","6":"product_cat-holz-paletten","7":"product_tag-euro-palette","8":"product_tag-neu-paletten","9":"product_tag-neue-palette","10":"product_tag-neue-paletten-kaufen","11":"product_tag-palette","12":"product_tag-paletten-kaufen","13":"product_tag-sbb-palette","14":"product_tag-sbb-paletten","16":"first","17":"instock","18":"shipping-taxable","19":"product-type-simple","20":"berocket_lgv_grid","21":"berocket_lgv_list_grid"},"yoast_head":"<!-- This site is optimized with the Yoast SEO plugin v27.4 - https:\/\/yoast.com\/product\/yoast-seo-wordpress\/ -->\n<title>Einweg Palette 60 x 80cm - Dynamex Produkte AG<\/title>\n<meta name=\"description\" content=\"Leichte und kosteng\u00fcnstige Einweg-Halbpallette 60\u202f\u00d7\u202f80\u202fcm \u2013 ideal f\u00fcr kleinere Sendungen, Exportverpackung und den einmaligen Gebrauch.\" \/>\n<meta name=\"robots\" content=\"index, follow, max-snippet:-1, max-image-preview:large, max-video-preview:-1\" \/>\n<link rel=\"canonical\" href=\"https:\/\/www.dynamex.ch\/home\/product\/einweg-palette-60-x-80cm\/\" \/>\n<meta property=\"og:locale\" content=\"de_DE\" \/>\n<meta property=\"og:type\" content=\"article\" \/>\n<meta property=\"og:title\" content=\"Einweg Palette 60 x 80cm - Dynamex Produkte AG\" \/>\n<meta property=\"og:description\" content=\"Leichte und kosteng\u00fcnstige Einweg-Halbpallette 60\u202f\u00d7\u202f80\u202fcm \u2013 ideal f\u00fcr kleinere Sendungen, Exportverpackung und den einmaligen Gebrauch.\" \/>\n<meta property=\"og:url\" content=\"https:\/\/www.dynamex.ch\/home\/product\/einweg-palette-60-x-80cm\/\" \/>\n<meta property=\"og:site_name\" content=\"Dynamex Produkte AG\" \/>\n<meta property=\"article:modified_time\" content=\"2025-07-01T14:35:10+00:00\" \/>\n<meta property=\"og:image\" content=\"https:\/\/www.dynamex.ch\/wp-content\/uploads\/2025\/07\/60-x-80-2023-scaled.png\" \/>\n\t<meta property=\"og:image:width\" content=\"2560\" \/>\n\t<meta property=\"og:image:height\" content=\"1440\" \/>\n\t<meta property=\"og:image:type\" content=\"image\/png\" \/>\n<script type=\"application\/ld+json\" class=\"yoast-schema-graph\">{\"@context\":\"https:\\\/\\\/schema.org\",\"@graph\":[{\"@type\":\"WebPage\",\"@id\":\"https:\\\/\\\/www.dynamex.ch\\\/home\\\/product\\\/einweg-palette-60-x-80cm\\\/\",\"url\":\"https:\\\/\\\/www.dynamex.ch\\\/home\\\/product\\\/einweg-palette-60-x-80cm\\\/\",\"name\":\"Einweg Palette 60 x 80cm - Dynamex Produkte AG\",\"isPartOf\":{\"@id\":\"https:\\\/\\\/www.dynamex.ch\\\/home\\\/#website\"},\"primaryImageOfPage\":{\"@id\":\"https:\\\/\\\/www.dynamex.ch\\\/home\\\/product\\\/einweg-palette-60-x-80cm\\\/#primaryimage\"},\"image\":{\"@id\":\"https:\\\/\\\/www.dynamex.ch\\\/home\\\/product\\\/einweg-palette-60-x-80cm\\\/#primaryimage\"},\"thumbnailUrl\":\"https:\\\/\\\/www.dynamex.ch\\\/wp-content\\\/uploads\\\/2025\\\/07\\\/60-x-80-2023-scaled.png\",\"datePublished\":\"2025-07-01T14:15:14+00:00\",\"dateModified\":\"2025-07-01T14:35:10+00:00\",\"description\":\"Leichte und kosteng\u00fcnstige Einweg-Halbpallette 60\u202f\u00d7\u202f80\u202fcm \u2013 ideal f\u00fcr kleinere Sendungen, Exportverpackung und den einmaligen Gebrauch.\",\"breadcrumb\":{\"@id\":\"https:\\\/\\\/www.dynamex.ch\\\/home\\\/product\\\/einweg-palette-60-x-80cm\\\/#breadcrumb\"},\"inLanguage\":\"de-CH\",\"potentialAction\":[{\"@type\":\"ReadAction\",\"target\":[\"https:\\\/\\\/www.dynamex.ch\\\/home\\\/product\\\/einweg-palette-60-x-80cm\\\/\"]}]},{\"@type\":\"ImageObject\",\"inLanguage\":\"de-CH\",\"@id\":\"https:\\\/\\\/www.dynamex.ch\\\/home\\\/product\\\/einweg-palette-60-x-80cm\\\/#primaryimage\",\"url\":\"https:\\\/\\\/www.dynamex.ch\\\/wp-content\\\/uploads\\\/2025\\\/07\\\/60-x-80-2023-scaled.png\",\"contentUrl\":\"https:\\\/\\\/www.dynamex.ch\\\/wp-content\\\/uploads\\\/2025\\\/07\\\/60-x-80-2023-scaled.png\",\"width\":2560,\"height\":1440,\"caption\":\"Einweg Palette 60 x 80cm\"},{\"@type\":\"BreadcrumbList\",\"@id\":\"https:\\\/\\\/www.dynamex.ch\\\/home\\\/product\\\/einweg-palette-60-x-80cm\\\/#breadcrumb\",\"itemListElement\":[{\"@type\":\"ListItem\",\"position\":1,\"name\":\"Home\",\"item\":\"https:\\\/\\\/www.dynamex.ch\\\/home\\\/\"},{\"@type\":\"ListItem\",\"position\":2,\"name\":\"Einweg Palette 60 x 80cm\"}]},{\"@type\":\"WebSite\",\"@id\":\"https:\\\/\\\/www.dynamex.ch\\\/home\\\/#website\",\"url\":\"https:\\\/\\\/www.dynamex.ch\\\/home\\\/\",\"name\":\"Dynamex Produkte AG\",\"description\":\"\",\"publisher\":{\"@id\":\"https:\\\/\\\/www.dynamex.ch\\\/home\\\/#organization\"},\"potentialAction\":[{\"@type\":\"SearchAction\",\"target\":{\"@type\":\"EntryPoint\",\"urlTemplate\":\"https:\\\/\\\/www.dynamex.ch\\\/home\\\/?s={search_term_string}\"},\"query-input\":{\"@type\":\"PropertyValueSpecification\",\"valueRequired\":true,\"valueName\":\"search_term_string\"}}],\"inLanguage\":\"de-CH\"},{\"@type\":\"Organization\",\"@id\":\"https:\\\/\\\/www.dynamex.ch\\\/home\\\/#organization\",\"name\":\"Dynamex Produkte AG\",\"url\":\"https:\\\/\\\/www.dynamex.ch\\\/home\\\/\",\"logo\":{\"@type\":\"ImageObject\",\"inLanguage\":\"de-CH\",\"@id\":\"https:\\\/\\\/www.dynamex.ch\\\/home\\\/#\\\/schema\\\/logo\\\/image\\\/\",\"url\":\"https:\\\/\\\/www.dynamex.ch\\\/wp-content\\\/uploads\\\/2021\\\/08\\\/logo-1.svg\",\"contentUrl\":\"https:\\\/\\\/www.dynamex.ch\\\/wp-content\\\/uploads\\\/2021\\\/08\\\/logo-1.svg\",\"width\":1,\"height\":1,\"caption\":\"Dynamex Produkte AG\"},\"image\":{\"@id\":\"https:\\\/\\\/www.dynamex.ch\\\/home\\\/#\\\/schema\\\/logo\\\/image\\\/\"}}]}<\/script>\n<!-- \/ Yoast SEO plugin. -->","yoast_head_json":{"title":"Einweg Palette 60 x 80cm - Dynamex Produkte AG","description":"Leichte und kosteng\u00fcnstige Einweg-Halbpallette 60\u202f\u00d7\u202f80\u202fcm \u2013 ideal f\u00fcr kleinere Sendungen, Exportverpackung und den einmaligen Gebrauch.","robots":{"index":"index","follow":"follow","max-snippet":"max-snippet:-1","max-image-preview":"max-image-preview:large","max-video-preview":"max-video-preview:-1"},"canonical":"https:\/\/www.dynamex.ch\/home\/product\/einweg-palette-60-x-80cm\/","og_locale":"de_DE","og_type":"article","og_title":"Einweg Palette 60 x 80cm - Dynamex Produkte AG","og_description":"Leichte und kosteng\u00fcnstige Einweg-Halbpallette 60\u202f\u00d7\u202f80\u202fcm \u2013 ideal f\u00fcr kleinere Sendungen, Exportverpackung und den einmaligen Gebrauch.","og_url":"https:\/\/www.dynamex.ch\/home\/product\/einweg-palette-60-x-80cm\/","og_site_name":"Dynamex Produkte AG","article_modified_time":"2025-07-01T14:35:10+00:00","og_image":[{"width":2560,"height":1440,"url":"https:\/\/www.dynamex.ch\/wp-content\/uploads\/2025\/07\/60-x-80-2023-scaled.png","type":"image\/png"}],"schema":{"@context":"https:\/\/schema.org","@graph":[{"@type":"WebPage","@id":"https:\/\/www.dynamex.ch\/home\/product\/einweg-palette-60-x-80cm\/","url":"https:\/\/www.dynamex.ch\/home\/product\/einweg-palette-60-x-80cm\/","name":"Einweg Palette 60 x 80cm - Dynamex Produkte AG","isPartOf":{"@id":"https:\/\/www.dynamex.ch\/home\/#website"},"primaryImageOfPage":{"@id":"https:\/\/www.dynamex.ch\/home\/product\/einweg-palette-60-x-80cm\/#primaryimage"},"image":{"@id":"https:\/\/www.dynamex.ch\/home\/product\/einweg-palette-60-x-80cm\/#primaryimage"},"thumbnailUrl":"https:\/\/www.dynamex.ch\/wp-content\/uploads\/2025\/07\/60-x-80-2023-scaled.png","datePublished":"2025-07-01T14:15:14+00:00","dateModified":"2025-07-01T14:35:10+00:00","description":"Leichte und kosteng\u00fcnstige Einweg-Halbpallette 60\u202f\u00d7\u202f80\u202fcm \u2013 ideal f\u00fcr kleinere Sendungen, Exportverpackung und den einmaligen Gebrauch.","breadcrumb":{"@id":"https:\/\/www.dynamex.ch\/home\/product\/einweg-palette-60-x-80cm\/#breadcrumb"},"inLanguage":"de-CH","potentialAction":[{"@type":"ReadAction","target":["https:\/\/www.dynamex.ch\/home\/product\/einweg-palette-60-x-80cm\/"]}]},{"@type":"ImageObject","inLanguage":"de-CH","@id":"https:\/\/www.dynamex.ch\/home\/product\/einweg-palette-60-x-80cm\/#primaryimage","url":"https:\/\/www.dynamex.ch\/wp-content\/uploads\/2025\/07\/60-x-80-2023-scaled.png","contentUrl":"https:\/\/www.dynamex.ch\/wp-content\/uploads\/2025\/07\/60-x-80-2023-scaled.png","width":2560,"height":1440,"caption":"Einweg Palette 60 x 80cm"},{"@type":"BreadcrumbList","@id":"https:\/\/www.dynamex.ch\/home\/product\/einweg-palette-60-x-80cm\/#breadcrumb","itemListElement":[{"@type":"ListItem","position":1,"name":"Home","item":"https:\/\/www.dynamex.ch\/home\/"},{"@type":"ListItem","position":2,"name":"Einweg Palette 60 x 80cm"}]},{"@type":"WebSite","@id":"https:\/\/www.dynamex.ch\/home\/#website","url":"https:\/\/www.dynamex.ch\/home\/","name":"Dynamex Produkte AG","description":"","publisher":{"@id":"https:\/\/www.dynamex.ch\/home\/#organization"},"potentialAction":[{"@type":"SearchAction","target":{"@type":"EntryPoint","urlTemplate":"https:\/\/www.dynamex.ch\/home\/?s={search_term_string}"},"query-input":{"@type":"PropertyValueSpecification","valueRequired":true,"valueName":"search_term_string"}}],"inLanguage":"de-CH"},{"@type":"Organization","@id":"https:\/\/www.dynamex.ch\/home\/#organization","name":"Dynamex Produkte AG","url":"https:\/\/www.dynamex.ch\/home\/","logo":{"@type":"ImageObject","inLanguage":"de-CH","@id":"https:\/\/www.dynamex.ch\/home\/#\/schema\/logo\/image\/","url":"https:\/\/www.dynamex.ch\/wp-content\/uploads\/2021\/08\/logo-1.svg","contentUrl":"https:\/\/www.dynamex.ch\/wp-content\/uploads\/2021\/08\/logo-1.svg","width":1,"height":1,"caption":"Dynamex Produkte AG"},"image":{"@id":"https:\/\/www.dynamex.ch\/home\/#\/schema\/logo\/image\/"}}]}},"post_mailing_queue_ids":[],"_links":{"self":[{"href":"https:\/\/www.dynamex.ch\/home\/wp-json\/wp\/v2\/product\/1100","targetHints":{"allow":["GET"]}}],"collection":[{"href":"https:\/\/www.dynamex.ch\/home\/wp-json\/wp\/v2\/product"}],"about":[{"href":"https:\/\/www.dynamex.ch\/home\/wp-json\/wp\/v2\/types\/product"}],"replies":[{"embeddable":true,"href":"https:\/\/www.dynamex.ch\/home\/wp-json\/wp\/v2\/comments?post=1100"}],"wp:featuredmedia":[{"embeddable":true,"href":"https:\/\/www.dynamex.ch\/home\/wp-json\/wp\/v2\/media\/1101"}],"wp:attachment":[{"href":"https:\/\/www.dynamex.ch\/home\/wp-json\/wp\/v2\/media?parent=1100"}],"wp:term":[{"taxonomy":"product_brand","embeddable":true,"href":"https:\/\/www.dynamex.ch\/home\/wp-json\/wp\/v2\/product_brand?post=1100"},{"taxonomy":"product_cat","embeddable":true,"href":"https:\/\/www.dynamex.ch\/home\/wp-json\/wp\/v2\/product_cat?post=1100"},{"taxonomy":"product_tag","embeddable":true,"href":"https:\/\/www.dynamex.ch\/home\/wp-json\/wp\/v2\/product_tag?post=1100"}],"curies":[{"name":"wp","href":"https:\/\/api.w.org\/{rel}","templated":true}]}}