{"id":835,"date":"2021-08-12T03:50:56","date_gmt":"2021-08-12T03:50:56","guid":{"rendered":"http:\/\/localhost\/dynamex\/site\/?post_type=product&#038;p=835"},"modified":"2025-07-01T16:36:58","modified_gmt":"2025-07-01T15:36:58","slug":"einwegpalette-1200x1000-leicht","status":"publish","type":"product","link":"https:\/\/www.dynamex.ch\/home\/product\/einwegpalette-1200x1000-leicht\/","title":{"rendered":"Einwegpalette 1200 x 1000 leicht"},"content":{"rendered":"<p data-start=\"167\" data-end=\"207\"><strong data-start=\"167\" data-end=\"207\">Leichte Einwegpalette 1000 \u00d7 1200\u202fmm<\/strong><\/p>\n<p data-start=\"209\" data-end=\"679\">Unsere leichte Einwegpalette im Mass 1000 \u00d7 1200\u202fmm eignet sich ideal f\u00fcr den einmaligen Gebrauch in Export, Versand und Lagerhaltung. Sie \u00fcberzeugt durch ihr geringes Eigengewicht, eine stabile Konstruktion und ein attraktives Preis-Leistungs-Verh\u00e4ltnis. Dank ihrer grossen Auflagefl\u00e4che ist sie besonders geeignet f\u00fcr Volumenprodukte oder breite Verpackungseinheiten. Die Paletten sind stapelbar, platzsparend und lassen sich problemlos mit Flurf\u00f6rderzeugen handhaben.<\/p>\n<p data-start=\"681\" data-end=\"715\"><strong data-start=\"681\" data-end=\"715\">Ihre Vorteile auf einen Blick:<\/strong><\/p>\n<ul data-start=\"717\" data-end=\"932\">\n<li data-start=\"717\" data-end=\"775\">\n<p data-start=\"719\" data-end=\"775\">Leichtbauweise \u2013 ideal f\u00fcr Export und Einwegverwendung<\/p>\n<\/li>\n<li data-start=\"776\" data-end=\"814\">\n<p data-start=\"778\" data-end=\"814\">Grossz\u00fcgige Fl\u00e4che: 1000 \u00d7 1200\u202fmm<\/p>\n<\/li>\n<li data-start=\"815\" data-end=\"855\">\n<p data-start=\"817\" data-end=\"855\">Kosteng\u00fcnstig und ressourcenschonend<\/p>\n<\/li>\n<li data-start=\"856\" data-end=\"904\">\n<p data-start=\"858\" data-end=\"904\">Stapelbar und effizient in Transport &amp; Lager<\/p>\n<\/li>\n<li data-start=\"905\" data-end=\"932\">\n<p data-start=\"907\" data-end=\"932\">Direkt ab Lager lieferbar<\/p>\n<\/li>\n<\/ul>\n","protected":false},"excerpt":{"rendered":"<h3 class=\"detail-title\">Produktbeschreibung<\/h3>\n<p>Neue Paletten sind IPPC zertifiziert.<\/p>\n<p>Auch gebraucht erh\u00e4ltlich.<\/p>\n","protected":false},"featured_media":971,"comment_status":"open","ping_status":"closed","template":"","meta":[],"product_brand":[],"product_cat":[31],"product_tag":[56,60,70,74,72,54,58,57,33,71,73],"class_list":{"0":"post-835","1":"product","2":"type-product","3":"status-publish","4":"has-post-thumbnail","6":"product_cat-holz-paletten","7":"product_tag-einweg-paletten","8":"product_tag-einweg-paletten-kaufen","9":"product_tag-einwegpalette","10":"product_tag-exportpalette","11":"product_tag-gebrauchte-paletten-100-x-120cm","12":"product_tag-gebrauchte-euro-paletten","13":"product_tag-guenstige-paletten","14":"product_tag-leichte-paletten","15":"product_tag-new","16":"product_tag-palette-100-x-120cm","17":"product_tag-paletten-ab-lager","19":"first","20":"instock","21":"shipping-taxable","22":"product-type-simple","23":"berocket_lgv_grid","24":"berocket_lgv_list_grid"},"yoast_head":"<!-- This site is optimized with the Yoast SEO plugin v27.4 - https:\/\/yoast.com\/product\/yoast-seo-wordpress\/ -->\n<title>Einwegpalette 1200 x 1000 leicht - Dynamex Produkte AG<\/title>\n<meta name=\"description\" content=\"Einwegpalette 120 x 100cm. Zu verkaufen als neu ISPM \/ IPPC zertifiziert oder auch als gebrauchte Palette, direkt ab Lager lieferbar.\" \/>\n<meta name=\"robots\" content=\"index, follow, max-snippet:-1, max-image-preview:large, max-video-preview:-1\" \/>\n<link rel=\"canonical\" href=\"https:\/\/www.dynamex.ch\/home\/product\/einwegpalette-1200x1000-leicht\/\" \/>\n<meta property=\"og:locale\" content=\"de_DE\" \/>\n<meta property=\"og:type\" content=\"article\" \/>\n<meta property=\"og:title\" content=\"Einwegpalette 1200 x 1000 leicht - Dynamex Produkte AG\" \/>\n<meta property=\"og:description\" content=\"Einwegpalette 120 x 100cm. Zu verkaufen als neu ISPM \/ IPPC zertifiziert oder auch als gebrauchte Palette, direkt ab Lager lieferbar.\" \/>\n<meta property=\"og:url\" content=\"https:\/\/www.dynamex.ch\/home\/product\/einwegpalette-1200x1000-leicht\/\" \/>\n<meta property=\"og:site_name\" content=\"Dynamex Produkte AG\" \/>\n<meta property=\"article:modified_time\" content=\"2025-07-01T15:36:58+00:00\" \/>\n<meta property=\"og:image\" content=\"https:\/\/www.dynamex.ch\/wp-content\/uploads\/2021\/08\/Einwegpalette-100-120-scaled.jpg\" \/>\n\t<meta property=\"og:image:width\" content=\"2560\" \/>\n\t<meta property=\"og:image:height\" content=\"2119\" \/>\n\t<meta property=\"og:image:type\" content=\"image\/jpeg\" \/>\n<script type=\"application\/ld+json\" class=\"yoast-schema-graph\">{\"@context\":\"https:\\\/\\\/schema.org\",\"@graph\":[{\"@type\":\"WebPage\",\"@id\":\"https:\\\/\\\/www.dynamex.ch\\\/home\\\/product\\\/einwegpalette-1200x1000-leicht\\\/\",\"url\":\"https:\\\/\\\/www.dynamex.ch\\\/home\\\/product\\\/einwegpalette-1200x1000-leicht\\\/\",\"name\":\"Einwegpalette 1200 x 1000 leicht - Dynamex Produkte AG\",\"isPartOf\":{\"@id\":\"https:\\\/\\\/www.dynamex.ch\\\/home\\\/#website\"},\"primaryImageOfPage\":{\"@id\":\"https:\\\/\\\/www.dynamex.ch\\\/home\\\/product\\\/einwegpalette-1200x1000-leicht\\\/#primaryimage\"},\"image\":{\"@id\":\"https:\\\/\\\/www.dynamex.ch\\\/home\\\/product\\\/einwegpalette-1200x1000-leicht\\\/#primaryimage\"},\"thumbnailUrl\":\"https:\\\/\\\/www.dynamex.ch\\\/wp-content\\\/uploads\\\/2021\\\/08\\\/Einwegpalette-100-120-scaled.jpg\",\"datePublished\":\"2021-08-12T03:50:56+00:00\",\"dateModified\":\"2025-07-01T15:36:58+00:00\",\"description\":\"Einwegpalette 120 x 100cm. Zu verkaufen als neu ISPM \\\/ IPPC zertifiziert oder auch als gebrauchte Palette, direkt ab Lager lieferbar.\",\"breadcrumb\":{\"@id\":\"https:\\\/\\\/www.dynamex.ch\\\/home\\\/product\\\/einwegpalette-1200x1000-leicht\\\/#breadcrumb\"},\"inLanguage\":\"de-CH\",\"potentialAction\":[{\"@type\":\"ReadAction\",\"target\":[\"https:\\\/\\\/www.dynamex.ch\\\/home\\\/product\\\/einwegpalette-1200x1000-leicht\\\/\"]}]},{\"@type\":\"ImageObject\",\"inLanguage\":\"de-CH\",\"@id\":\"https:\\\/\\\/www.dynamex.ch\\\/home\\\/product\\\/einwegpalette-1200x1000-leicht\\\/#primaryimage\",\"url\":\"https:\\\/\\\/www.dynamex.ch\\\/wp-content\\\/uploads\\\/2021\\\/08\\\/Einwegpalette-100-120-scaled.jpg\",\"contentUrl\":\"https:\\\/\\\/www.dynamex.ch\\\/wp-content\\\/uploads\\\/2021\\\/08\\\/Einwegpalette-100-120-scaled.jpg\",\"width\":2560,\"height\":2119,\"caption\":\"Einwegpalette 100 x 120cm\"},{\"@type\":\"BreadcrumbList\",\"@id\":\"https:\\\/\\\/www.dynamex.ch\\\/home\\\/product\\\/einwegpalette-1200x1000-leicht\\\/#breadcrumb\",\"itemListElement\":[{\"@type\":\"ListItem\",\"position\":1,\"name\":\"Home\",\"item\":\"https:\\\/\\\/www.dynamex.ch\\\/home\\\/\"},{\"@type\":\"ListItem\",\"position\":2,\"name\":\"Einwegpalette 1200 x 1000 leicht\"}]},{\"@type\":\"WebSite\",\"@id\":\"https:\\\/\\\/www.dynamex.ch\\\/home\\\/#website\",\"url\":\"https:\\\/\\\/www.dynamex.ch\\\/home\\\/\",\"name\":\"Dynamex Produkte AG\",\"description\":\"\",\"publisher\":{\"@id\":\"https:\\\/\\\/www.dynamex.ch\\\/home\\\/#organization\"},\"potentialAction\":[{\"@type\":\"SearchAction\",\"target\":{\"@type\":\"EntryPoint\",\"urlTemplate\":\"https:\\\/\\\/www.dynamex.ch\\\/home\\\/?s={search_term_string}\"},\"query-input\":{\"@type\":\"PropertyValueSpecification\",\"valueRequired\":true,\"valueName\":\"search_term_string\"}}],\"inLanguage\":\"de-CH\"},{\"@type\":\"Organization\",\"@id\":\"https:\\\/\\\/www.dynamex.ch\\\/home\\\/#organization\",\"name\":\"Dynamex Produkte AG\",\"url\":\"https:\\\/\\\/www.dynamex.ch\\\/home\\\/\",\"logo\":{\"@type\":\"ImageObject\",\"inLanguage\":\"de-CH\",\"@id\":\"https:\\\/\\\/www.dynamex.ch\\\/home\\\/#\\\/schema\\\/logo\\\/image\\\/\",\"url\":\"https:\\\/\\\/www.dynamex.ch\\\/wp-content\\\/uploads\\\/2021\\\/08\\\/logo-1.svg\",\"contentUrl\":\"https:\\\/\\\/www.dynamex.ch\\\/wp-content\\\/uploads\\\/2021\\\/08\\\/logo-1.svg\",\"width\":1,\"height\":1,\"caption\":\"Dynamex Produkte AG\"},\"image\":{\"@id\":\"https:\\\/\\\/www.dynamex.ch\\\/home\\\/#\\\/schema\\\/logo\\\/image\\\/\"}}]}<\/script>\n<!-- \/ Yoast SEO plugin. -->","yoast_head_json":{"title":"Einwegpalette 1200 x 1000 leicht - Dynamex Produkte AG","description":"Einwegpalette 120 x 100cm. Zu verkaufen als neu ISPM \/ IPPC zertifiziert oder auch als gebrauchte Palette, direkt ab Lager lieferbar.","robots":{"index":"index","follow":"follow","max-snippet":"max-snippet:-1","max-image-preview":"max-image-preview:large","max-video-preview":"max-video-preview:-1"},"canonical":"https:\/\/www.dynamex.ch\/home\/product\/einwegpalette-1200x1000-leicht\/","og_locale":"de_DE","og_type":"article","og_title":"Einwegpalette 1200 x 1000 leicht - Dynamex Produkte AG","og_description":"Einwegpalette 120 x 100cm. Zu verkaufen als neu ISPM \/ IPPC zertifiziert oder auch als gebrauchte Palette, direkt ab Lager lieferbar.","og_url":"https:\/\/www.dynamex.ch\/home\/product\/einwegpalette-1200x1000-leicht\/","og_site_name":"Dynamex Produkte AG","article_modified_time":"2025-07-01T15:36:58+00:00","og_image":[{"width":2560,"height":2119,"url":"https:\/\/www.dynamex.ch\/wp-content\/uploads\/2021\/08\/Einwegpalette-100-120-scaled.jpg","type":"image\/jpeg"}],"schema":{"@context":"https:\/\/schema.org","@graph":[{"@type":"WebPage","@id":"https:\/\/www.dynamex.ch\/home\/product\/einwegpalette-1200x1000-leicht\/","url":"https:\/\/www.dynamex.ch\/home\/product\/einwegpalette-1200x1000-leicht\/","name":"Einwegpalette 1200 x 1000 leicht - Dynamex Produkte AG","isPartOf":{"@id":"https:\/\/www.dynamex.ch\/home\/#website"},"primaryImageOfPage":{"@id":"https:\/\/www.dynamex.ch\/home\/product\/einwegpalette-1200x1000-leicht\/#primaryimage"},"image":{"@id":"https:\/\/www.dynamex.ch\/home\/product\/einwegpalette-1200x1000-leicht\/#primaryimage"},"thumbnailUrl":"https:\/\/www.dynamex.ch\/wp-content\/uploads\/2021\/08\/Einwegpalette-100-120-scaled.jpg","datePublished":"2021-08-12T03:50:56+00:00","dateModified":"2025-07-01T15:36:58+00:00","description":"Einwegpalette 120 x 100cm. Zu verkaufen als neu ISPM \/ IPPC zertifiziert oder auch als gebrauchte Palette, direkt ab Lager lieferbar.","breadcrumb":{"@id":"https:\/\/www.dynamex.ch\/home\/product\/einwegpalette-1200x1000-leicht\/#breadcrumb"},"inLanguage":"de-CH","potentialAction":[{"@type":"ReadAction","target":["https:\/\/www.dynamex.ch\/home\/product\/einwegpalette-1200x1000-leicht\/"]}]},{"@type":"ImageObject","inLanguage":"de-CH","@id":"https:\/\/www.dynamex.ch\/home\/product\/einwegpalette-1200x1000-leicht\/#primaryimage","url":"https:\/\/www.dynamex.ch\/wp-content\/uploads\/2021\/08\/Einwegpalette-100-120-scaled.jpg","contentUrl":"https:\/\/www.dynamex.ch\/wp-content\/uploads\/2021\/08\/Einwegpalette-100-120-scaled.jpg","width":2560,"height":2119,"caption":"Einwegpalette 100 x 120cm"},{"@type":"BreadcrumbList","@id":"https:\/\/www.dynamex.ch\/home\/product\/einwegpalette-1200x1000-leicht\/#breadcrumb","itemListElement":[{"@type":"ListItem","position":1,"name":"Home","item":"https:\/\/www.dynamex.ch\/home\/"},{"@type":"ListItem","position":2,"name":"Einwegpalette 1200 x 1000 leicht"}]},{"@type":"WebSite","@id":"https:\/\/www.dynamex.ch\/home\/#website","url":"https:\/\/www.dynamex.ch\/home\/","name":"Dynamex Produkte AG","description":"","publisher":{"@id":"https:\/\/www.dynamex.ch\/home\/#organization"},"potentialAction":[{"@type":"SearchAction","target":{"@type":"EntryPoint","urlTemplate":"https:\/\/www.dynamex.ch\/home\/?s={search_term_string}"},"query-input":{"@type":"PropertyValueSpecification","valueRequired":true,"valueName":"search_term_string"}}],"inLanguage":"de-CH"},{"@type":"Organization","@id":"https:\/\/www.dynamex.ch\/home\/#organization","name":"Dynamex Produkte AG","url":"https:\/\/www.dynamex.ch\/home\/","logo":{"@type":"ImageObject","inLanguage":"de-CH","@id":"https:\/\/www.dynamex.ch\/home\/#\/schema\/logo\/image\/","url":"https:\/\/www.dynamex.ch\/wp-content\/uploads\/2021\/08\/logo-1.svg","contentUrl":"https:\/\/www.dynamex.ch\/wp-content\/uploads\/2021\/08\/logo-1.svg","width":1,"height":1,"caption":"Dynamex Produkte AG"},"image":{"@id":"https:\/\/www.dynamex.ch\/home\/#\/schema\/logo\/image\/"}}]}},"post_mailing_queue_ids":[],"_links":{"self":[{"href":"https:\/\/www.dynamex.ch\/home\/wp-json\/wp\/v2\/product\/835","targetHints":{"allow":["GET"]}}],"collection":[{"href":"https:\/\/www.dynamex.ch\/home\/wp-json\/wp\/v2\/product"}],"about":[{"href":"https:\/\/www.dynamex.ch\/home\/wp-json\/wp\/v2\/types\/product"}],"replies":[{"embeddable":true,"href":"https:\/\/www.dynamex.ch\/home\/wp-json\/wp\/v2\/comments?post=835"}],"wp:featuredmedia":[{"embeddable":true,"href":"https:\/\/www.dynamex.ch\/home\/wp-json\/wp\/v2\/media\/971"}],"wp:attachment":[{"href":"https:\/\/www.dynamex.ch\/home\/wp-json\/wp\/v2\/media?parent=835"}],"wp:term":[{"taxonomy":"product_brand","embeddable":true,"href":"https:\/\/www.dynamex.ch\/home\/wp-json\/wp\/v2\/product_brand?post=835"},{"taxonomy":"product_cat","embeddable":true,"href":"https:\/\/www.dynamex.ch\/home\/wp-json\/wp\/v2\/product_cat?post=835"},{"taxonomy":"product_tag","embeddable":true,"href":"https:\/\/www.dynamex.ch\/home\/wp-json\/wp\/v2\/product_tag?post=835"}],"curies":[{"name":"wp","href":"https:\/\/api.w.org\/{rel}","templated":true}]}}